e highest common factor of c and 133?
19
Let k be (36/20)/((-18)/(-240)). What is the greatest common divisor of k and 252?
12
Let y(i) = i**3 + i + 1. Let o(k) = -22*k**3 - k**2 - k - 3. Let j(d) = -o(d) - 2*y(d). Let m be j(1). Calculate the greatest common factor of 189 and m.
21
Let b = -4 + 7. Let h be (-630)/(-14)*(-9)/(-15). What is the highest common factor of b and h?
3
Let h = 783 - 781. Calculate the greatest common divisor of h and 82.
2
Let w(q) = 2*q**2 - 5*q - 1. Let m be w(5). Suppose 17*r - m = 11*r. Calculate the highest common factor of r and 3.
1
Suppose 0 = -3*z + 3*q + 423, q - 2*q = -4*z + 561. Calculate the highest common factor of z and 20.
20
Let v = -9 - -1. Let i be (18/v)/((-4)/48). Calculate the highest common divisor of i and 9.
9
Let c(q) = q**3 - 5*q**2 + 4*q + 15. Let j be c(3). Suppose 3*t + 0*t = 2*w - 21, -2*t - 6 = 0. Calculate the greatest common divisor of w and j.
3
Suppose 8*o + 2*o - 270 = 0. What is the highest common divisor of 243 and o?
27
Suppose 4*g + 7*s - 5*s - 302 = 0, 0 = -5*g + 3*s + 383. Calculate the greatest common factor of 114 and g.
38
Let f be (-23162)/(-111) + 4/3. What is the highest common divisor of f and 6?
6
Let j = 545 - 286. What is the highest common factor of j and 148?
37
Suppose n + 48 = -4*q + 2, 4*q - 2*n + 40 = 0. Let c = -11 - q. Suppose 0 = k - c*k - 58. Calculate the highest common factor of k and 87.
29
Suppose -4*s - 30 = -2*a, 3*a + 2*s = 12 + 9. Suppose -3*y = -b - a, -5*b - 3*y + 9 = -36. What is the greatest common divisor of b and 9?
3
Suppose 8*m = 137 + 263. Let q be (0 + -15)/(12/(-24)). What is the highest common divisor of m and q?
10
Let j = -2489 + 2629. What is the highest common divisor of j and 1890?
70
Suppose 13*m = 145 + 323. What is the highest common divisor of 144 and m?
36
Let z(j) = 5*j**2 - 30*j + 45. Let l be z(10). Calculate the highest common divisor of l and 70.
35
Suppose 2*i = 2*i + 3*i. Suppose 6*r - 34 - 98 = i. Calculate the highest common divisor of r and 11.
11
Let m be (-6)/81 - 114708/(-162). Calculate the highest common divisor of m and 12.
12
Let s(u) = -9*u - 7. Let a be s(-2). Calculate the highest common divisor of 869 and a.
11
Let t = 162 + -58. What is the greatest common factor of t and 78?
26
Let d = -42 + -39. Let r = -69 - d. Calculate the greatest common divisor of r and 15.
3
Suppose 11*r + 558 = 2*r. Let p be 2 + -2*114/(-4). Let c = p - r. What is the greatest common divisor of c and 11?
11
Suppose 4*v - 4*q - 20 = 0, -3*v - 3*q = v - 48. Let h be -2 + 0 + 2 + 81. Let a = h - 54. Calculate the highest common divisor of v and a.
9
Suppose 107*w + 658 = 6222. What is the greatest common factor of 481 and w?
13
Let w = 4072 + -4047. Let q(g) = 30*g**2 + 3*g - 4. Let j be q(3). What is the highest common factor of w and j?
25
Let k(a) = a**3 - 14*a**2 + 12*a + 12. Let c be k(13). Let i = 12 - c. Calculate the greatest common factor of 91 and i.
13
Let i = 16 - -64. Suppose 0 = 4*g + 20 - i. Calculate the greatest common factor of 120 and g.
15
Suppose 3*d = -2*a - 73, a + 41 = -d + 2. Let t = -43 - a. Calculate the highest common factor of 1 and t.
1
Let y(s) = s**3 + 13*s**2 + 15*s - 5. Let k be y(-11). Let j = k + -51. Suppose 62*q = 5011 + 4103. Calculate the greatest common factor of q and j.
21
Suppose -4*t - 2*y = -2 - 18, 2 = y. Suppose 6*k = 4*k + q + 96, 2*k = t*q + 96. Calculate the greatest common divisor of 32 and k.
16
Suppose 0 = -4*l + 7*l + 6. Let o be ((-8)/(-3))/(l/(-3)). Suppose 0 = 6*z - o*z + 4*t - 16, -4*t + 12 = 0. Calculate the highest common divisor of 22 and z.
2
Let d be 136/(-85)*15*(-5)/4. Calculate the greatest common factor of d and 115.
5
Suppose 5*b + 4*s = 8, b + 3*s = 2*b - 13. Suppose b*p - 280 = 136. What is the greatest common factor of 26 and p?
26
Let y(o) = -o**3 - 31*o**2 + 58*o - 14. Let j be y(-33). Calculate the greatest common factor of j and 100.
50
Let x = -1435 - -1440. What is the highest common divisor of x and 5?
5
Suppose 17*k - 3 = 16*k. Suppose k*u + 2*u = n + 49, -5*u + 2*n + 53 = 0. What is the greatest common factor of 3 and u?
3
Let q be (2 - 2) + 2 - (-13 - -6). Suppose -14*p + 115 = -q*p. What is the greatest common factor of p and 92?
23
Let t be (36/(-21))/(12/(-42)). Suppose -t*n + 36 = 6. Suppose 3*v - n*w - 35 = 0, w + 3 - 2 = 0. What is the greatest common factor of 20 and v?
10
Let w = 62 + -29. Suppose 0 = 2*t - 4*h - 34, -t - 2*h = -1 - 4. Calculate the highest common factor of t and w.
11
Let v(o) = -24*o + 109. Let k(h) = -11*h + 54. Let w(u) = 7*k(u) - 3*v(u). Let p be w(8). What is the highest common factor of p and 22?
11
Let s be 120/(-16)*2/1. Let o = s + 17. Suppose -1 = -o*c + 5. Calculate the greatest common factor of 1 and c.
1
Let v(p) = -p + 7. Let j(o) = 2*o**2 - o - 3. Let m be j(-2). Suppose -m*i - 18 = -i. Let u be v(i). Calculate the greatest common divisor of u and 2.
2
Let r(v) = -v. Let l(o) = 21*o - 1. Let d(h) = l(h) + 4*r(h). Let p be d(3). What is the greatest common factor of 10 and p?
10
Let x(r) = 8*r**2 + 5*r - 4. Let k be x(-2). Let c(u) = u**2 - 4. Let s be c(3). Let n be (-1 + 10)/(s + -4). What is the highest common factor of k and n?
9
Let r(j) = 2*j**3 - 5*j**2 + 7*j - 5. Let m be r(2). Let n be 5 - ((-34)/85 + 17/m). What is the greatest common factor of n and 8?
2
Let y(h) = h**3 + 5*h**2 - 3*h - 8. Let c be y(-5). Suppose -6 - c = -o. Calculate the greatest common factor of o and 104.
13
Suppose 3*g = 2*g + 3*w + 1, -w - 26 = -4*g. Suppose 0 = c + 4*y + y - g, 2*y = -2*c + 46. Calculate the greatest common divisor of c and 18.
9
Let x(b) = b**2 - 13*b - 11. Let k be x(14). Let d be (4/k)/(17/51). Suppose -4 = d*u, 5*v - 4*u - 49 = -5. Calculate the highest common divisor of v and 56.
8
Let f = 6 + 9. Suppose -b = o + o - f, 4*o + 5*b = 27. Suppose -31 = 2*z - 175. Calculate the greatest common divisor of z and o.
8
Let t(n) = -3*n + 30. Let i be t(-10). Let b be (-2)/(((-3)/(-30))/(-1)). What is the highest common divisor of b and i?
20
Let z be -24*(-8)/(-60)*60/(-8). Let g = 391 - 127. Calculate the highest common divisor of z and g.
24
Let d(v) be the second derivative of 5*v + 0 + 1/12*v**4 - v**2 - 5/3*v**3. Let p be d(11). What is the highest common divisor of 36 and p?
9
Let q = -15 + 18. Suppose 3*p - 19 = -2*p + l, -4*p = q*l. Suppose 7*c = p*c + 532. Calculate the greatest common divisor of c and 19.
19
Suppose -2*d = 3*d - 10. Let w(o) = -o + 1. Let n be w(-1). Suppose n*t - 30 = -d. Calculate the highest common factor of 35 and t.
7
Suppose 4*r = 4*s - 867 + 227, 4*s - 7*r = 661. Let i(j) = -j**3 - 5*j**2 - 3*j + 2. Let q be i(-5). Calculate the highest common divisor of s and q.
17
Suppose -253 = -27*m - 64. Calculate the highest common factor of 259 and m.
7
Let l(o) = 3*o**2 - o - 9. Let y be l(6). Let s = -69 + y. Calculate the highest common factor of s and 16.
8
Suppose -2*k + 9 = -19. Let t(o) = -4*o + 254. Let s be t(60). What is the highest common factor of k and s?
14
Let u be (4/(-5))/((-7)/35). Suppose -b = -u*b + 231. Let q be (-55)/(2 - 7) - 4. What is the highest common factor of q and b?
7
Let p = 172 - 162. Let n = -71 - -141. Calculate the highest common divisor of p and n.
10
Suppose -18*l = -6*l - 2340. What is the greatest common factor of 60 and l?
15
Suppose -15*b = -30*b + 1650. What is the greatest common divisor of b and 165?
55
Let y(i) = -2*i**2 - 11*i - 2. Let b be y(-5). Suppose -124 = -b*n + 11. Calculate the highest common divisor of 30 and n.
15
Suppose -3*i = -3*l + 1800, -3*l = -19*i + 14*i - 1800. Calculate the greatest common divisor of l and 5.
5
Suppose -27*q + 30*q = 24. Suppose x - q = -s, 4*s - 4*x = -5*x + 29. What is the highest common factor of 56 and s?
7
Let k(j) = -174*j - 192. Let h be k(-18). What is the highest common divisor of h and 42?
42
Suppose 26 + 46 = 2*n. What is the greatest common divisor of 16 and n?
4
Let b = -19 - -35. Let q(i) = -i**2 - 22*i + 27. Let a be q(-9). Calculate the greatest common divisor of b and a.
16
Suppose 2*w - 4 - 4 = 0. Suppose -2*y - 5*z = 0, -w*y = -5*z - 0*z - 30. Suppose -y*b = 41 - 126. What is the greatest common factor of 136 and b?
17
Let p(w) = w + 11. Let n be p(8). Let s(h) = h**3 + 20*h**2 + 10*h 